{"id":30,"date":"2024-08-28T17:57:17","date_gmt":"2024-08-28T15:57:17","guid":{"rendered":"http:\/\/test.jyskakademiskorkester.dk\/?page_id=30"},"modified":"2026-04-21T16:45:40","modified_gmt":"2026-04-21T14:45:40","slug":"oevedatoer","status":"publish","type":"page","link":"https:\/\/jyskakademiskorkester.dk\/?page_id=30","title":{"rendered":"Plan for for\u00e5ret 2026"},"content":{"rendered":"\n<p>Pr\u00f8verne foreg\u00e5r i M\u00f8llevangskolens aula, <a href=\"https:\/\/map.krak.dk\/?c=56.164875,10.183826&amp;z=14&amp;q=%22M%C3%B8llevangskolen,%20M%C3%B8llevangs%20All%C3%A9,%20AARHUS%20V%22;66422144;yp\" data-type=\"link\" data-id=\"https:\/\/map.krak.dk\/?c=56.164875,10.183826&amp;z=14&amp;q=%22M%C3%B8llevangskolen,%20M%C3%B8llevangs%20All%C3%A9,%20AARHUS%20V%22;66422144;yp\">M\u00f8llevangs Alle 20, 8210 Aarhus V<\/a><br><strong>Hvor intet andet er anf\u00f8rt, er orkesteret spilleklar kl. 19:00<\/strong><\/p>\n\n\n\n<figure class=\"wp-block-table\"><table class=\"has-fixed-layout\"><tbody><tr><td>Torsdag den 29. jan. <\/td><td>M\u00f8llevangskolen <\/td><td>S\u00e6sonstart<\/td><\/tr><tr><td>Torsdag den 5. feb.<\/td><td>M\u00f8llevangskolen<\/td><td>Pr\u00f8ve<\/td><\/tr><tr><td>Torsdag den 19. feb.<\/td><td>M\u00f8llevangskolen<\/td><td>Pr\u00f8ve<\/td><\/tr><tr><td>Torsdag den 26. feb<\/td><td>M\u00f8llevangskolen<\/td><td>Pr\u00f8ve<\/td><\/tr><tr><td>Torsdag den 5. mar<\/td><td>M\u00f8llevangskolen<\/td><td>Pr\u00f8ve<\/td><\/tr><tr><td>L\u00f8rdag den 7. mar.<\/td><td><strong>M\u00f8llevangskolen<\/strong><\/td><td>\u201dHeldagspr\u00f8ve\u201d: stryger- og bl\u00e6ser-instruktion 9:30-11:30<br>Samlet pr\u00f8ve 12-14.<\/td><\/tr><tr><td>Torsdag den 12. mar.<\/td><td>M\u00f8llevangskolen<\/td><td>Pr\u00f8ve<\/td><\/tr><tr><td>Torsdag den 19. mar.<\/td><td>M\u00f8llevangskolen<\/td><td>Pr\u00f8ve<\/td><\/tr><tr><td>Torsdag den 26. mar.<\/td><td>M\u00f8llevangskolen<\/td><td>Pr\u00f8ve<\/td><\/tr><tr><td>Torsdag den 9. apr.<\/td><td>M\u00f8llevangskolen<\/td><td>Pr\u00f8ve<\/td><\/tr><tr><td>L\u00f8rdag den 11. apr.<\/td><td>Hobro Kirke<\/td><td>Koncert kl. 11:00<\/td><\/tr><tr><td>Torsdag den 16. apr.<\/td><td>M\u00f8llevangskolen<\/td><td>Pr\u00f8ve<\/td><\/tr><tr><td>Torsdag den 23. apr.<\/td><td>M\u00f8llevangskolen<\/td><td>Pr\u00f8ve<\/td><\/tr><tr><td>Torsdag den 30. apr.<\/td><td>M\u00f8llevangskolen<\/td><td>Pr\u00f8ve<\/td><\/tr><tr><td>L\u00f8rdag den 2. maj <\/td><td>Kannikegade 12<\/td><td>Koncert kl. 12:00 <\/td><\/tr><\/tbody><\/table><\/figure>\n\n\n\n<p>Efter koncerten i Kannikegade er der hyggelig s\u00e6sonafslutning p\u00e5 <em>Teaterkatten <\/em><br>&#8211; og sommerferie!<\/p>\n\n\n\n<h2 class=\"wp-block-heading\"><\/h2>\n\n\n\n<p><\/p>\n","protected":false},"excerpt":{"rendered":"<p>Pr\u00f8verne foreg\u00e5r i M\u00f8llevangskolens aula, M\u00f8llevangs Alle 20, 8210 Aarhus VHvor intet andet er anf\u00f8rt, er orkesteret spilleklar kl. 19:00 Torsdag den 29. jan. M\u00f8llevangskolen S\u00e6sonstart Torsdag den 5. feb. M\u00f8llevangskolen Pr\u00f8ve Torsdag den 19. feb. M\u00f8llevangskolen Pr\u00f8ve Torsdag den &hellip; <a href=\"https:\/\/jyskakademiskorkester.dk\/?page_id=30\">L\u00e6s resten <span class=\"meta-nav\">&rarr;<\/span><\/a><\/p>\n","protected":false},"author":1,"featured_media":0,"parent":0,"menu_order":0,"comment_status":"closed","ping_status":"closed","template":"","meta":{"footnotes":""},"class_list":["post-30","page","type-page","status-publish","hentry"],"_links":{"self":[{"href":"https:\/\/jyskakademiskorkester.dk\/index.php?rest_route=\/wp\/v2\/pages\/30"}],"collection":[{"href":"https:\/\/jyskakademiskorkester.dk\/index.php?rest_route=\/wp\/v2\/pages"}],"about":[{"href":"https:\/\/jyskakademiskorkester.dk\/index.php?rest_route=\/wp\/v2\/types\/page"}],"author":[{"embeddable":true,"href":"https:\/\/jyskakademiskorkester.dk\/index.php?rest_route=\/wp\/v2\/users\/1"}],"replies":[{"embeddable":true,"href":"https:\/\/jyskakademiskorkester.dk\/index.php?rest_route=%2Fwp%2Fv2%2Fcomments&post=30"}],"version-history":[{"count":73,"href":"https:\/\/jyskakademiskorkester.dk\/index.php?rest_route=\/wp\/v2\/pages\/30\/revisions"}],"predecessor-version":[{"id":499,"href":"https:\/\/jyskakademiskorkester.dk\/index.php?rest_route=\/wp\/v2\/pages\/30\/revisions\/499"}],"wp:attachment":[{"href":"https:\/\/jyskakademiskorkester.dk\/index.php?rest_route=%2Fwp%2Fv2%2Fmedia&parent=30"}],"curies":[{"name":"wp","href":"https:\/\/api.w.org\/{rel}","templated":true}]}}

Plan for foråret 2026

<p>Prøverne foregår i Møllevangskolens aula, <a href="https://map.krak.dk/?c=56.164875,10.183826&amp;z=14&amp;q=%22M%C3%B8llevangskolen,%20M%C3%B8llevangs%20All%C3%A9,%20AARHUS%20V%22;66422144;yp" data-type="link" data-id="https://map.krak.dk/?c=56.164875,10.183826&amp;z=14&amp;q=%22M%C3%B8llevangskolen,%20M%C3%B8llevangs%20All%C3%A9,%20AARHUS%20V%22;66422144;yp">Møllevangs Alle 20, 8210 Aarhus V</a><br><strong>Hvor intet andet er anført, er orkesteret spilleklar kl. 19:00</strong></p>



<figure class="wp-block-table"><table class="has-fixed-layout"><tbody><tr><td>Torsdag den 29. jan. </td><td>Møllevangskolen </td><td>Sæsonstart</td></tr><tr><td>Torsdag den 5. feb.</td><td>Møllevangskolen</td><td>Prøve</td></tr><tr><td>Torsdag den 19. feb.</td><td>Møllevangskolen</td><td>Prøve</td></tr><tr><td>Torsdag den 26. feb</td><td>Møllevangskolen</td><td>Prøve</td></tr><tr><td>Torsdag den 5. mar</td><td>Møllevangskolen</td><td>Prøve</td></tr><tr><td>Lørdag den 7. mar.</td><td><strong>Møllevangskolen</strong></td><td>”Heldagsprøve”: stryger- og blæser-instruktion 9:30-11:30<br>Samlet prøve 12-14.</td></tr><tr><td>Torsdag den 12. mar.</td><td>Møllevangskolen</td><td>Prøve</td></tr><tr><td>Torsdag den 19. mar.</td><td>Møllevangskolen</td><td>Prøve</td></tr><tr><td>Torsdag den 26. mar.</td><td>Møllevangskolen</td><td>Prøve</td></tr><tr><td>Torsdag den 9. apr.</td><td>Møllevangskolen</td><td>Prøve</td></tr><tr><td>Lørdag den 11. apr.</td><td>Hobro Kirke</td><td>Koncert kl. 11:00</td></tr><tr><td>Torsdag den 16. apr.</td><td>Møllevangskolen</td><td>Prøve</td></tr><tr><td>Torsdag den 23. apr.</td><td>Møllevangskolen</td><td>Prøve</td></tr><tr><td>Torsdag den 30. apr.</td><td>Møllevangskolen</td><td>Prøve</td></tr><tr><td>Lørdag den 2. maj </td><td>Kannikegade 12</td><td>Koncert kl. 12:00 </td></tr></tbody></table></figure>



<p>Efter koncerten i Kannikegade er der hyggelig sæsonafslutning på <em>Teaterkatten </em><br>&#8211; og sommerferie!</p>



<h2 class="wp-block-heading"></h2>



<p></p>

<p>Prøverne foregår i Møllevangskolens aula, Møllevangs Alle 20, 8210 Aarhus VHvor intet andet er anført, er orkesteret spilleklar kl. 19:00 Torsdag den 29. jan. Møllevangskolen Sæsonstart Torsdag den 5. feb. Møllevangskolen Prøve Torsdag den 19. feb. Møllevangskolen Prøve Torsdag den &hellip; <a href="https://jyskakademiskorkester.dk/?page_id=30">Læs resten <span class="meta-nav">&rarr;</span></a></p>
