{"id":21,"date":"2024-08-29T15:12:07","date_gmt":"2024-08-29T13:12:07","guid":{"rendered":"http:\/\/test.jyskakademiskorkester.dk\/?page_id=21"},"modified":"2025-01-21T00:50:25","modified_gmt":"2025-01-20T23:50:25","slug":"orkesterets-historie","status":"publish","type":"page","link":"https:\/\/jyskakademiskorkester.dk\/?page_id=21","title":{"rendered":"Orkesterets historie"},"content":{"rendered":"\n<p>Jysk Akademisk Orkester er udsprunget af musiklivet ved Aarhus Universitet og har gennem tiderne besk\u00e6ftiget sig med alle genrer indenfor symfonisk musik. Det startede i 1958 som Aarhus Studenter Orkester. Af grundl\u00e6ggerne kan bl.a. n\u00e6vnes Anders Koch samt Leif Goting og Henning Refsg\u00e5rd.<br>I tidligere tider skulle man gennem en optagelsespr\u00f8ve for at blive medlem af orkestret, hvis medlemmer alle var akademikere.<br>Mange senere kendte musikere, dirigenter og komponister har gennem tiderne v\u00e6ret knyttet til Jysk Akademisk Orkester. Blandt de tidligere medlemmer t\u00e6ller orkesteret s\u00e5ledes Merete Hoffmann Madsen, Holger Laumann og Hans Abrahamsen. Blandt dirigenterne figurerer Ole Henrik Dahl (1969-72), Gunnar Krarup (1975-81), Bo Hulgaard (1984-86), Uffe Most (1986-92), Marianne N\u00f8rholm Villadsen (1992-2010) og Peter Vogel (2010-2018)) og Clara Overby Drew (2018-2024). Orkesterets dirigent siden efter\u00e5ret 2024 er Rasmus W. M. Beyer<br><br>Optagelsespr\u00f8ve er for l\u00e6ngst afskaffet, og orkestrets medlemmer er ikke l\u00e6ngere kun akademikere. Medlemmerne kommer i dag fra alle uddannelseslag og alle aldersgrupper. Det fungerer under Folkeoplysningslovens rammer, med kommunal st\u00f8tte ved FO-Aarhus, og vi er desuden medlem af organisationen Dansk Amat\u00f8rorkester Samvirke , DAOS.<br>Form\u00e5let med orkesteret er dog u\u00e6ndret \u2013 at indstudere og opf\u00f8re symfonisk musik og kammermusik.<\/p>\n\n\n\n<p>Jysk Akademisk Orkester har gennem \u00e5rene v\u00e6ret aktiv ud over landegr\u00e6nsen. Form\u00e5let har v\u00e6ret udveksling af bes\u00f8g og f\u00e6lles oplevelser med andre orkestre. De f\u00f8rste udlandsrejser g\u00e5r helt tilbage til perioden 1967-1972, hvor orkestret sammen med Polyfonikerne afholdt sommerst\u00e6vner i V\u00e4rmland i Sverige. I de seneste \u00e5r er det blevet til bes\u00f8g i Bruxelles, Nowy Sacz i Polen og Nieuwegein i Holland, foruden Sydslesvig, G\u00f6ttingen, Den Haag, Gronningen, Amsterdam, Sverige samt F\u00e6r\u00f8erne, ligesom orkestret har modtaget bes\u00f8g af udenlandske orkestre fra flere lande. Ofte har bes\u00f8gene v\u00e6ret en gen-visit den ene eller den anden vej.<\/p>\n\n\n\n<p>Jysk Akademisk Orkester har med stor succes afholdt orkesterst\u00e6vner i forbindelse med sine jubil\u00e6er. Ved disse jubil\u00e6er samles nuv\u00e6rende og tidligere medlemmer, herunder dirigenter. <\/p>\n","protected":false},"excerpt":{"rendered":"<p>Jysk Akademisk Orkester er udsprunget af musiklivet ved Aarhus Universitet og har gennem tiderne besk\u00e6ftiget sig med alle genrer indenfor symfonisk musik. Det startede i 1958 som Aarhus Studenter Orkester. Af grundl\u00e6ggerne kan bl.a. n\u00e6vnes Anders Koch samt Leif Goting &hellip; <a href=\"https:\/\/jyskakademiskorkester.dk\/?page_id=21\">L\u00e6s resten <span class=\"meta-nav\">&rarr;<\/span><\/a><\/p>\n","protected":false},"author":1,"featured_media":0,"parent":0,"menu_order":0,"comment_status":"closed","ping_status":"closed","template":"","meta":{"footnotes":""},"class_list":["post-21","page","type-page","status-publish","hentry"],"_links":{"self":[{"href":"https:\/\/jyskakademiskorkester.dk\/index.php?rest_route=\/wp\/v2\/pages\/21"}],"collection":[{"href":"https:\/\/jyskakademiskorkester.dk\/index.php?rest_route=\/wp\/v2\/pages"}],"about":[{"href":"https:\/\/jyskakademiskorkester.dk\/index.php?rest_route=\/wp\/v2\/types\/page"}],"author":[{"embeddable":true,"href":"https:\/\/jyskakademiskorkester.dk\/index.php?rest_route=\/wp\/v2\/users\/1"}],"replies":[{"embeddable":true,"href":"https:\/\/jyskakademiskorkester.dk\/index.php?rest_route=%2Fwp%2Fv2%2Fcomments&post=21"}],"version-history":[{"count":5,"href":"https:\/\/jyskakademiskorkester.dk\/index.php?rest_route=\/wp\/v2\/pages\/21\/revisions"}],"predecessor-version":[{"id":195,"href":"https:\/\/jyskakademiskorkester.dk\/index.php?rest_route=\/wp\/v2\/pages\/21\/revisions\/195"}],"wp:attachment":[{"href":"https:\/\/jyskakademiskorkester.dk\/index.php?rest_route=%2Fwp%2Fv2%2Fmedia&parent=21"}],"curies":[{"name":"wp","href":"https:\/\/api.w.org\/{rel}","templated":true}]}}