{"id":13,"date":"2024-08-29T15:11:41","date_gmt":"2024-08-29T13:11:41","guid":{"rendered":"http:\/\/test.jyskakademiskorkester.dk\/?page_id=13"},"modified":"2026-01-15T18:16:26","modified_gmt":"2026-01-15T17:16:26","slug":"dirigent-instruktoerer-mv","status":"publish","type":"page","link":"https:\/\/jyskakademiskorkester.dk\/?page_id=13","title":{"rendered":"Orkesterets dirigent"},"content":{"rendered":"\n<div class=\"wp-block-columns is-layout-flex wp-container-core-columns-is-layout-2 wp-block-columns-is-layout-flex\">\n<div class=\"wp-block-column is-layout-flow wp-block-column-is-layout-flow\">\n<div class=\"wp-block-columns is-layout-flex wp-container-core-columns-is-layout-1 wp-block-columns-is-layout-flex\">\n<div class=\"wp-block-column is-layout-flow wp-block-column-is-layout-flow\" style=\"flex-basis:66.66%\">\n<p><strong>Rasmus W.M. Beyer <\/strong>&#8211; <strong>komponist og dirigent<\/strong> <br>Siden efter\u00e5ret 2024 har Rasmus W.M. Beyer v\u00e6ret dirigent for Jysk Akademisk Orkester.<br><br>Rasmus er i gang med sin uddannelse p\u00e5 AM-linjen p\u00e5 Det Jyske Musikkonservatorium i Aarhus. Han er fra Randers, og sine f\u00f8rste ensembleoplevelser fik han i sin gymnasietid samt senere i Sct. Peders Kirke under nu afd\u00f8de organist og korleder Karsten Blonds ledelse.<\/p>\n\n\n\n<p>Rasmus Beyer bor i Aarhus, hvor han er aktiv, dels som dirigent for JAO og Vibykoret, dels som korsanger i flere af byens gode kor. <br>Udover sin rolle som musikalsk leder er Rasmus ogs\u00e5 en flittig komponist.<\/p>\n\n\n\n<p>Jysk Akademisk Orkester er det f\u00f8rste orkester, Rasmus leder som fast dirigent.<br><em>&#8220;Jeg har allerede haft gode oplevelser med orkesteret, s\u00e5 nu gl\u00e6der jeg mig meget til det faste samarbejde. Klassisk orkestermusik er helt vildt sp\u00e6ndende for mig, da det indeholder b\u00e5de akademiske og f\u00f8lelsesm\u00e6ssige oplevelser.<\/em>&#8220;<\/p>\n\n\n\n<hr class=\"wp-block-separator has-alpha-channel-opacity\"\/>\n<\/div>\n\n\n\n<div class=\"wp-block-column is-layout-flow wp-block-column-is-layout-flow\" style=\"flex-basis:33.33%\"><div class=\"wp-block-image\">\n<figure class=\"alignright size-large is-resized\"><img loading=\"lazy\" decoding=\"async\" width=\"683\" height=\"1024\" src=\"https:\/\/jyskakademiskorkester.dk\/wp-content\/uploads\/2025\/05\/Rasmus-Alvorlig-683x1024.jpg\" alt=\"\" class=\"wp-image-254\" style=\"width:215px;height:auto\" srcset=\"https:\/\/jyskakademiskorkester.dk\/wp-content\/uploads\/2025\/05\/Rasmus-Alvorlig-683x1024.jpg 683w, https:\/\/jyskakademiskorkester.dk\/wp-content\/uploads\/2025\/05\/Rasmus-Alvorlig-200x300.jpg 200w, https:\/\/jyskakademiskorkester.dk\/wp-content\/uploads\/2025\/05\/Rasmus-Alvorlig-768x1152.jpg 768w, https:\/\/jyskakademiskorkester.dk\/wp-content\/uploads\/2025\/05\/Rasmus-Alvorlig.jpg 808w\" sizes=\"(max-width: 683px) 100vw, 683px\" \/><figcaption class=\"wp-element-caption\"><em>JAO&#8217;s dirigent <br>Rasmus W.M. Beyer<\/em><\/figcaption><\/figure><\/div><\/div>\n<\/div>\n<\/div>\n<\/div>\n\n\n\n<div class=\"wp-block-columns is-layout-flex wp-container-core-columns-is-layout-4 wp-block-columns-is-layout-flex\">\n<div class=\"wp-block-column is-layout-flow wp-block-column-is-layout-flow\">\n<h3 class=\"wp-block-heading\">Strygerinstrukt\u00f8r <\/h3>\n\n\n\n<div class=\"wp-block-columns is-layout-flex wp-container-core-columns-is-layout-3 wp-block-columns-is-layout-flex\">\n<div class=\"wp-block-column is-layout-flow wp-block-column-is-layout-flow\" style=\"flex-basis:66.66%\">\n<p><strong>Violinist og komponist <\/strong><br>Anne Sophie er en alsidig musiker med s\u00e6rligt fokus p\u00e5 samspillet mellem skabelse og fortolkning. <br>Anne Sophie har en doktorgrad i violin og en kandidatgrad i komposition fra Stony Brook University i New York, hvor hun har undervist i violin og kammermusik.<br>Hun har tidligere studeret ved New England Conservatory i Boston, Musikh\u00f6gskolan i Malm\u00f8 og Det Jyske Musikkonservatorium.<br>Som kunstnerisk leder af New Music for Strings (Danmark og USA) organiserer Anne Sophie koncerter og optr\u00e6der over hele verden.<br>Anne Sophie underviser p\u00e5 alle niveauer.<\/p>\n<\/div>\n\n\n\n<div class=\"wp-block-column is-layout-flow wp-block-column-is-layout-flow\" style=\"flex-basis:33.33%\"><div class=\"wp-block-image\">\n<figure class=\"alignright size-full is-resized\"><img loading=\"lazy\" decoding=\"async\" width=\"191\" height=\"205\" src=\"http:\/\/test.jyskakademiskorkester.dk\/wp-content\/uploads\/2024\/08\/AnneSophie.jpg\" alt=\"Strygerinstrukt\u00f8r Anne Sophie Andersen\" class=\"wp-image-44\" style=\"width:206px;height:auto\"\/><figcaption class=\"wp-element-caption\">S<em>trygerinstrukt\u00f8r <br>Anne Sophie Andersen<\/em><\/figcaption><\/figure><\/div><\/div>\n<\/div>\n<\/div>\n<\/div>\n\n\n\n<h3 class=\"wp-block-heading has-text-align-left\">Bl\u00e6serinstrukt\u00f8r<\/h3>\n\n\n\n<div class=\"wp-block-columns is-layout-flex wp-container-core-columns-is-layout-5 wp-block-columns-is-layout-flex\">\n<div class=\"wp-block-column is-layout-flow wp-block-column-is-layout-flow\" style=\"flex-basis:66.66%\">\n<p><strong>Organist og fagottist<\/strong><br>Marianne N\u00f8rholm Villadsen er uddannet organist, AM-musikl\u00e6rer og musikleder. <br>Marianne har i flere \u00e5r dirigeret koret Korinord, vokalgruppen &#8220;Harperne&#8221;, Jysk Akademisk Orkester og Vilhemsborg Festspil.<\/p>\n\n\n\n<p>Derudover er Marianne organist i Tilst og Kasted kirker.<br>Hun akkompagnerer desuden &#8220;Melodivaerne&#8221;.<\/p>\n\n\n\n<p>Marianne spiller selv fagot.<\/p>\n<\/div>\n\n\n\n<div class=\"wp-block-column is-layout-flow wp-block-column-is-layout-flow\" style=\"flex-basis:33.33%\"><div class=\"wp-block-image\">\n<figure class=\"alignright size-full is-resized\"><img loading=\"lazy\" decoding=\"async\" width=\"776\" height=\"890\" src=\"https:\/\/jyskakademiskorkester.dk\/wp-content\/uploads\/2026\/01\/Marianne-Foto.jpg\" alt=\"\" class=\"wp-image-421\" style=\"width:204px;height:auto\" srcset=\"https:\/\/jyskakademiskorkester.dk\/wp-content\/uploads\/2026\/01\/Marianne-Foto.jpg 776w, https:\/\/jyskakademiskorkester.dk\/wp-content\/uploads\/2026\/01\/Marianne-Foto-262x300.jpg 262w, https:\/\/jyskakademiskorkester.dk\/wp-content\/uploads\/2026\/01\/Marianne-Foto-768x881.jpg 768w\" sizes=\"(max-width: 776px) 100vw, 776px\" \/><figcaption class=\"wp-element-caption\"><em>Bl\u00e6serinstrukt\u00f8r<br>Marianne N\u00f8rholm Villadsen<\/em><\/figcaption><\/figure><\/div><\/div>\n<\/div>\n","protected":false},"excerpt":{"rendered":"<p>Rasmus W.M. Beyer &#8211; komponist og dirigent Siden efter\u00e5ret 2024 har Rasmus W.M. Beyer v\u00e6ret dirigent for Jysk Akademisk Orkester. Rasmus er i gang med sin uddannelse p\u00e5 AM-linjen p\u00e5 Det Jyske Musikkonservatorium i Aarhus. Han er fra Randers, og &hellip; <a href=\"https:\/\/jyskakademiskorkester.dk\/?page_id=13\">L\u00e6s resten <span class=\"meta-nav\">&rarr;<\/span><\/a><\/p>\n","protected":false},"author":1,"featured_media":0,"parent":0,"menu_order":0,"comment_status":"closed","ping_status":"closed","template":"","meta":{"footnotes":""},"class_list":["post-13","page","type-page","status-publish","hentry"],"_links":{"self":[{"href":"https:\/\/jyskakademiskorkester.dk\/index.php?rest_route=\/wp\/v2\/pages\/13"}],"collection":[{"href":"https:\/\/jyskakademiskorkester.dk\/index.php?rest_route=\/wp\/v2\/pages"}],"about":[{"href":"https:\/\/jyskakademiskorkester.dk\/index.php?rest_route=\/wp\/v2\/types\/page"}],"author":[{"embeddable":true,"href":"https:\/\/jyskakademiskorkester.dk\/index.php?rest_route=\/wp\/v2\/users\/1"}],"replies":[{"embeddable":true,"href":"https:\/\/jyskakademiskorkester.dk\/index.php?rest_route=%2Fwp%2Fv2%2Fcomments&post=13"}],"version-history":[{"count":50,"href":"https:\/\/jyskakademiskorkester.dk\/index.php?rest_route=\/wp\/v2\/pages\/13\/revisions"}],"predecessor-version":[{"id":447,"href":"https:\/\/jyskakademiskorkester.dk\/index.php?rest_route=\/wp\/v2\/pages\/13\/revisions\/447"}],"wp:attachment":[{"href":"https:\/\/jyskakademiskorkester.dk\/index.php?rest_route=%2Fwp%2Fv2%2Fmedia&parent=13"}],"curies":[{"name":"wp","href":"https:\/\/api.w.org\/{rel}","templated":true}]}}

<div class="wp-block-columns is-layout-flex wp-container-core-columns-is-layout-2 wp-block-columns-is-layout-flex">
<div class="wp-block-column is-layout-flow wp-block-column-is-layout-flow">
<div class="wp-block-columns is-layout-flex wp-container-core-columns-is-layout-1 wp-block-columns-is-layout-flex">
<div class="wp-block-column is-layout-flow wp-block-column-is-layout-flow" style="flex-basis:66.66%">
<p><strong>Rasmus W.M. Beyer </strong>&#8211; <strong>komponist og dirigent</strong> <br>Siden efteråret 2024 har Rasmus W.M. Beyer været dirigent for Jysk Akademisk Orkester.<br><br>Rasmus er i gang med sin uddannelse på AM-linjen på Det Jyske Musikkonservatorium i Aarhus. Han er fra Randers, og sine første ensembleoplevelser fik han i sin gymnasietid samt senere i Sct. Peders Kirke under nu afdøde organist og korleder Karsten Blonds ledelse.</p>



<p>Rasmus Beyer bor i Aarhus, hvor han er aktiv, dels som dirigent for JAO og Vibykoret, dels som korsanger i flere af byens gode kor. <br>Udover sin rolle som musikalsk leder er Rasmus også en flittig komponist.</p>



<p>Jysk Akademisk Orkester er det første orkester, Rasmus leder som fast dirigent.<br><em>&#8220;Jeg har allerede haft gode oplevelser med orkesteret, så nu glæder jeg mig meget til det faste samarbejde. Klassisk orkestermusik er helt vildt spændende for mig, da det indeholder både akademiske og følelsesmæssige oplevelser.</em>&#8220;</p>



<hr class="wp-block-separator has-alpha-channel-opacity"/>
</div>



<div class="wp-block-column is-layout-flow wp-block-column-is-layout-flow" style="flex-basis:33.33%"><div class="wp-block-image">
<figure class="alignright size-large is-resized"><img loading="lazy" decoding="async" width="683" height="1024" src="https://jyskakademiskorkester.dk/wp-content/uploads/2025/05/Rasmus-Alvorlig-683x1024.jpg" alt="" class="wp-image-254" style="width:215px;height:auto" srcset="https://jyskakademiskorkester.dk/wp-content/uploads/2025/05/Rasmus-Alvorlig-683x1024.jpg 683w, https://jyskakademiskorkester.dk/wp-content/uploads/2025/05/Rasmus-Alvorlig-200x300.jpg 200w, https://jyskakademiskorkester.dk/wp-content/uploads/2025/05/Rasmus-Alvorlig-768x1152.jpg 768w, https://jyskakademiskorkester.dk/wp-content/uploads/2025/05/Rasmus-Alvorlig.jpg 808w" sizes="(max-width: 683px) 100vw, 683px" /><figcaption class="wp-element-caption"><em>JAO&#8217;s dirigent <br>Rasmus W.M. Beyer</em></figcaption></figure></div></div>
</div>
</div>
</div>



<div class="wp-block-columns is-layout-flex wp-container-core-columns-is-layout-4 wp-block-columns-is-layout-flex">
<div class="wp-block-column is-layout-flow wp-block-column-is-layout-flow">
<h3 class="wp-block-heading">Strygerinstruktør </h3>



<div class="wp-block-columns is-layout-flex wp-container-core-columns-is-layout-3 wp-block-columns-is-layout-flex">
<div class="wp-block-column is-layout-flow wp-block-column-is-layout-flow" style="flex-basis:66.66%">
<p><strong>Violinist og komponist </strong><br>Anne Sophie er en alsidig musiker med særligt fokus på samspillet mellem skabelse og fortolkning. <br>Anne Sophie har en doktorgrad i violin og en kandidatgrad i komposition fra Stony Brook University i New York, hvor hun har undervist i violin og kammermusik.<br>Hun har tidligere studeret ved New England Conservatory i Boston, Musikhögskolan i Malmø og Det Jyske Musikkonservatorium.<br>Som kunstnerisk leder af New Music for Strings (Danmark og USA) organiserer Anne Sophie koncerter og optræder over hele verden.<br>Anne Sophie underviser på alle niveauer.</p>
</div>



<div class="wp-block-column is-layout-flow wp-block-column-is-layout-flow" style="flex-basis:33.33%"><div class="wp-block-image">
<figure class="alignright size-full is-resized"><img loading="lazy" decoding="async" width="191" height="205" src="http://test.jyskakademiskorkester.dk/wp-content/uploads/2024/08/AnneSophie.jpg" alt="Strygerinstruktør Anne Sophie Andersen" class="wp-image-44" style="width:206px;height:auto"/><figcaption class="wp-element-caption">S<em>trygerinstruktør <br>Anne Sophie Andersen</em></figcaption></figure></div></div>
</div>
</div>
</div>



<h3 class="wp-block-heading has-text-align-left">Blæserinstruktør</h3>



<div class="wp-block-columns is-layout-flex wp-container-core-columns-is-layout-5 wp-block-columns-is-layout-flex">
<div class="wp-block-column is-layout-flow wp-block-column-is-layout-flow" style="flex-basis:66.66%">
<p><strong>Organist og fagottist</strong><br>Marianne Nørholm Villadsen er uddannet organist, AM-musiklærer og musikleder. <br>Marianne har i flere år dirigeret koret Korinord, vokalgruppen &#8220;Harperne&#8221;, Jysk Akademisk Orkester og Vilhemsborg Festspil.</p>



<p>Derudover er Marianne organist i Tilst og Kasted kirker.<br>Hun akkompagnerer desuden &#8220;Melodivaerne&#8221;.</p>



<p>Marianne spiller selv fagot.</p>
</div>



<div class="wp-block-column is-layout-flow wp-block-column-is-layout-flow" style="flex-basis:33.33%"><div class="wp-block-image">
<figure class="alignright size-full is-resized"><img loading="lazy" decoding="async" width="776" height="890" src="https://jyskakademiskorkester.dk/wp-content/uploads/2026/01/Marianne-Foto.jpg" alt="" class="wp-image-421" style="width:204px;height:auto" srcset="https://jyskakademiskorkester.dk/wp-content/uploads/2026/01/Marianne-Foto.jpg 776w, https://jyskakademiskorkester.dk/wp-content/uploads/2026/01/Marianne-Foto-262x300.jpg 262w, https://jyskakademiskorkester.dk/wp-content/uploads/2026/01/Marianne-Foto-768x881.jpg 768w" sizes="(max-width: 776px) 100vw, 776px" /><figcaption class="wp-element-caption"><em>Blæserinstruktør<br>Marianne Nørholm Villadsen</em></figcaption></figure></div></div>
</div>

<p>Rasmus W.M. Beyer &#8211; komponist og dirigent Siden efteråret 2024 har Rasmus W.M. Beyer været dirigent for Jysk Akademisk Orkester. Rasmus er i gang med sin uddannelse på AM-linjen på Det Jyske Musikkonservatorium i Aarhus. Han er fra Randers, og &hellip; <a href="https://jyskakademiskorkester.dk/?page_id=13">Læs resten <span class="meta-nav">&rarr;</span></a></p>
